**2 + 2*y - 5. What is the units digit of z(-1)?
2
Let o = 139 - 83. What is the units digit of o?
6
Suppose 7*g - 12*g = -165. What is the tens digit of g?
3
Let v = 8 - 5. Suppose 2*x - 3*k = 17, 4*k = v*k - 5. Suppose x + 3 = 4*t. What is the units digit of t?
1
Let c(p) = -4*p + 81. What is the units digit of c(-17)?
9
Suppose 0 = -2*p + v + 7, -v = -2*p - 6*v + 13. Let f be p/(-10) + 6/15. Suppose h - 5 = -3*u, h - 4*u - u + 3 = f. What is the units digit of h?
2
Let y = -12 - -16. Suppose -3*q = -2*u + 52, 3*q = -y*u - u + 130. What is the units digit of u?
6
Let d = -28 - -139. What is the hundreds digit of d?
1
Let k = 19 + 13. What is the units digit of k?
2
Suppose 8*n = 6*n + 32. What is the units digit of n?
6
Suppose -2*s = -h - 3, -4*s - 2*h = -0*s - 26. Suppose -116 = -5*w - 3*d + 90, 12 = -s*d. What is the units digit of w?
3
Let f be ((-2)/6)/((-2)/(-6)). Let x be (-3)/f + (-3 - -1). Let l = 10 - x. What is the units digit of l?
9
Suppose 3*d - 14 = 1. Suppose 2*y + 2*p - d = -3, -y + p = 1. Suppose y = -f - 1 + 6, -5*t = -f - 25. What is the units digit of t?
6
Suppose -15*c = -20*c + 360. What is the units digit of c?
2
Suppose -4*f + 4*b = 0, 0*b + 3*b + 8 = 5*f. Suppose 5*g - 111 = f*n, 2*n - 95 = -4*g - n. What is the tens digit of g?
2
What is the units digit of (-6)/(-2) - 2 - -16?
7
Suppose 2*f - 346 = -5*i - f, -3*i + 208 = 2*f. Suppose 5*r = -3 + i. What is the tens digit of r?
1
Suppose 280 - 1116 = -4*v. What is the units digit of v?
9
Let s(u) = -u**3 + u**2 - u. Suppose 4*r = -14 + 6. Let y(a) = -2*a**3 - a. Let l(f) = r*y(f) + 3*s(f). What is the units digit of l(-2)?
6
Let y(v) be the first derivative of -v**4/4 - 4*v**3/3 + 2*v**2 - 3. Let q be y(-5). Suppose m = q*m - 64. What is the units digit of m?
6
Suppose 0 = 2*x - 34 - 60. Let n = -30 + x. What is the tens digit of n?
1
Suppose 2*r - 3 = 1. Suppose -4 = 2*d + r. Let b(k) = -k**3 - 4*k**2 - 3*k + 3. What is the units digit of b(d)?
3
Suppose -a - 3*w + w = -17, -3*a = -3*w - 78. Let v = a - 16. What is the units digit of v?
7
Let f(j) = j**3 - 3*j**2 + 2*j + 4. Suppose -3*n + 4*m = -7*n - 32, -n - 20 = 4*m. Let r be 3*2/n*-2. What is the units digit of f(r)?
0
Suppose -3*y + 117 = -4*i, 4*y = -i + 5*i + 152. What is the tens digit of y?
3
Let n(x) = -3*x + 3. Let b(q) = 15*q - 15. Let a(z) = -2*b(z) - 11*n(z). What is the units digit of a(2)?
3
Suppose 76 = 3*m + 4. Let k be ((-32)/12)/((-2)/m). Suppose 0*z - 4*z + k = 0. What is the units digit of z?
8
Let c(h) = h**3 + 15*h**2 + 14*h + 44. What is the hundreds digit of c(-11)?
3
What is the units digit of (-10)/(-4 - (-7)/2)?
0
What is the units digit of (2 - -1) + -1 + 8?
0
Let d = 11 - 7. Suppose -d*m = -3*m - 13. What is the tens digit of m?
1
Let o(i) = i**2 - 8*i + 6. What is the units digit of o(10)?
6
Suppose 3*b = -n - 3*n - 8, 2*b + 3*n = -7. Suppose -4*q + 1 + 7 = 0, 2*p - b*q = 88. Suppose -p = -0*f - 4*f. What is the units digit of f?
2
Let v(j) = -j**3 - 2*j**2 + j - 2. Let d be v(-2). Let z be (0 - 7) + (1 - 2). Let a = d - z. What is the units digit of a?
4
Let h(x) = -x - 2. Let v be h(-4). Suppose m + v*m = 6. What is the units digit of m?
2
Let r(o) = -2*o + 13. Let n be r(-13). Suppose -n = -3*l + 12. What is the units digit of l?
7
Let z be 1 - 3/(-3)*2. Let n = 7 - z. What is the units digit of n?
4
Suppose -4*w = 9 - 25. Let o(x) = x**2 + x + 7. What is the units digit of o(w)?
7
Suppose -3*r + 5*x = -15, -2*x + 5*x = -2*r + 29. What is the tens digit of r?
1
Let x = -122 - -171. What is the units digit of x?
9
Let j(o) = o**3 - 6*o**2 + 4. Suppose 4*h - 3 = 5. Suppose -h*u = -0*u - 12. What is the units digit of j(u)?
4
Let d(y) = 39*y. Let j be d(3). Let c = -70 + j. What is the units digit of c?
7
Let a = -13 + 23. Suppose 5 = 3*n - a. What is the units digit of n?
5
Let m(c) = -c**3 - 3*c**2 - c + 1. Let b be m(-3). Let t = -1 + b. Suppose -v = -t*v + 12. What is the units digit of v?
6
Suppose 24 = 3*o + o. What is the tens digit of (o/(-4))/(3/(-36))?
1
Let j(q) = -q + 18. Let d be j(15). Suppose 3 - 18 = d*n, 4*n - 156 = -4*p. What is the units digit of p?
4
What is the tens digit of (84/15)/((-2)/(-5))?
1
Let x be 0/1*(-5)/(-10). Suppose x = 5*p + 2 - 47. What is the units digit of p?
9
Let j(x) = x**2 - 8*x + 14. Let h be j(6). Let s(t) = t + 1. Let v be s(5). Let k = v + h. What is the units digit of k?
8
Suppose 2*w + 0*w = 0. Suppose w = 2*q + 2*q - 24. What is the units digit of 2 + q + 0 - 0?
8
Suppose -x + 3*x = -4*h + 272, 520 = 4*x + 2*h. What is the hundreds digit of x?
1
Suppose -14*t - 895 = -19*t. What is the units digit of t?
9
Suppose -a - 4*f = -4, -2*a + 4 = a + 4*f. Suppose 3*k - 4 - 2 = a. Suppose 2*h - 18 = -k*u, -4*u - 2*h - h + 31 = 0. What is the units digit of u?
4
Let v(f) = -3 + 3 - 2*f - 4*f + 1. What is the units digit of v(-1)?
7
Suppose -2*d - 300 = 3*d. Let n be (-2)/(-5)*d/(-4). What is the units digit of (n/9)/((-4)/(-6))?
1
Let o be (0 - (-11 + -1)) + 0. Let i be 4 + (-44)/12 + 62/(-6). Let u = o - i. What is the units digit of u?
2
Let u be (-6)/10 - 385/25. Let a = u + 26. Suppose -2*y + a = y - 5*v, -3*y + 17 = 2*v. What is the units digit of y?
5
Suppose 7*q = q + 246. What is the tens digit of q + (1/(-1) - 0)?
4
Let d = 126 - -8. What is the tens digit of d?
3
Let b(a) = -3*a**3 - a**2 + a + 2. Let r be b(-2). Suppose -4*u = g - 4, 0 = -4*u + g - 3*g. Suppose u*q - r = -0*q. What is the tens digit of q?
1
Let i be (1 + 0)/((-8)/(-376)). Let d = i - 15. Let j = -16 + d. What is the units digit of j?
6
Let l(g) = -g - 4. Let a be l(-5). Let c = 0 + a. Suppose r = 4 - c. What is the units digit of r?
3
Suppose -4 = -v - 0. Suppose 122 = 3*z + 4*x, 0*x - v*x + 8 = 0. What is the tens digit of z?
3
What is the tens digit of 4/((-16)/7)*-28?
4
Let m = -49 + 92. What is the tens digit of m?
4
Let c(j) = 7*j + 14. Let z be c(-4). Let d(x) = -x**3 + 3*x**2 + 5*x - 1. Let w be d(5). Let o = z - w. What is the units digit of o?
2
Let j = 19 - 17. Suppose 0*v = j*v - 40. What is the tens digit of v?
2
What is the units digit of (2/(-6))/(2/(-18))?
3
Let n be (29/(-2))/(3/(-6)). Let a = n - 21. What is the units digit of a?
8
Let a(i) = -9*i**2 + 5*i + 8. Let q(z) = -5*z**2 + 3*z + 4. Let u(m) = -4*a(m) + 7*q(m). Let n be u(-3). Suppose 0*x = n*x - 8. What is the units digit of x?
4
Let j(p) = 54*p + 14. What is the hundreds digit of j(3)?
1
Suppose -b = 2*b - 3. What is the units digit of b?
1
Let x be (-8)/(-2) + 2 + -2. Suppose 5*j + 2*d - 23 = -0*d, 0 = 4*j - 5*d + 8. Suppose -2*k - 3*a - x = -4*k, -5*k = -j*a - 28. What is the units digit of k?
8
Let w = -1 + 30. What is the units digit of w?
9
Let y = -46 - -30. Let v be (-4 + 1)*y/12. Suppose -11 = -j - v. What is the units digit of j?
7
Let l(m) = -m**3 - 5*m**2 - 2*m - 5. Let r be l(-5). Suppose 0 = -r*a + 2*w + w + 89, a - 9 = 5*w. What is the tens digit of a?
1
Let b(w) = 2*w**2 - 4*w + 1. Let d(n) be the third derivative of n**5/60 - 5*n**4/24 + 3*n**2. Let i(o) = 3*b(o) - 2*d(o). What is the tens digit of i(2)?
1
Suppose -3*r + 26 = i, 5*i + 36 = -5*r + 196. What is the units digit of i?
5
Let j(a) = 2*a - 2*a - 2*a + a**3 - 4*a**2. What is the units digit of j(5)?
5
Suppose 0 = -3*j - 9, j = 5*m - 4*j - 550. What is the hundreds digit of m?
1
Let h(w) = -3*w + 9. Let k be h(-10). Suppose 3*f - 27 - k = 0. What is the units digit of f?
2
Suppose -120 = 3*g - 6*g. Suppose -m - 4 = 0, -b + 3*m + g = -0*m. What is the units digit of b?
8
Let f = 88 + -73. What is the units digit of f?
5
Suppose 7 = 2*j - 1. Suppose -5*x - 13 = -2*x - 4*d, 2*d - 4 = j*x. What is the units digit of x?
1
Let r(x) = -x**3 + x**2 - x - 1. Let j(i) = 4*i**3 - 18*i**2 - 4*i + 19. Let u(h) = -j(h) - 5*r(h). What is the units digit of u(-12)?
2
Let s(r) = -r**2 - 18*r + 37. What is the tens digit of s(-17)?
5
Let t(f) = -f**2 + 7*f + 4. Let i(h) = -h + 2. Let k be i(-3). Let v be t(k). Let s = -7 + v. What is the units digit of s?
7
Let d(m) = 2*m - 4. Suppose 4*t = -3*y + 65, -y = 2*t - 0*y - 35. Suppose -6*a + t = -2*a. What is the units digit of d(a)?
6
Suppose 0*a = 3*a - x - 4, 3*x = -3*a + 12. Suppose 3*g - 4*g = -a. Suppose -f - g = 5*w - 4, 3*f = -2*w + 6. What is the units digit of f?
2
What is th